) = -11*t**3 - 15*t**2 - 11*t - 23. Let h(a) = 8*m(a) - 5*w(a). Determine h(d).
0
Let p be (-123)/2*-8*(-5)/(-30). Let j = p - 88. Let t(n) = -5*n - 6. Determine t(j).
24
Suppose 0 = -p - 4*o + 1, 3*p + 3*o = -5 - 1. Let q be (7 - -1)/(p/3). Let r(y) = -y + 4. Give r(q).
12
Let p(i) = -1 - 2 + 13*i**2 + 13*i**2 - 31*i**2 + 6*i**2 - 4*i. Let y(f) = 3*f**2 + 27*f - 26. Let g be y(-10). Give p(g).
-3
Let s(w) = -w - 6. Suppose 4*m = r - 14, -r + 3*m = 7*m + 18. Let p be s(r). Let k(u) = -3*u + 3 + 38*u**2 - 43*u**2 + 1 - u**3. Determine k(p).
0
Let s(x) = x - 72. Let g be s(55). Let z(a) = -a**2 - 15*a + 41. Calculate z(g).
7
Let t(w) be the second derivative of w**4/12 + 2*w**3/3 - 3*w**2 - w. Let c(o) = -2*o**2 - 217*o - 3938. Let s be c(-23). Determine t(s).
-1
Let k(s) = -7*s - 196. Let w be k(-28). Let c(g) = 8 + w*g - 12 - g + 3*g. What is c(6)?
8
Let l(m) = -5*m**2 - 3*m + 53. Let z(x) = -14*x**2 - 7*x + 159. Let o(u) = 8*l(u) - 3*z(u). Determine o(6).
1
Let z(j) be the first derivative of -j**3/3 + 11*j**2/2 - 9*j - 44. Calculate z(5).
21
Let l(j) = 11*j - 49*j - 213 + 8*j - 10*j. Determine l(-5).
-13
Let l(x) = -4*x - 5. Let m(q) = q**3 + 19*q**2 + 18*q. Let d be m(-18). Suppose 4*a + 5*y = 13, 0 = -d*a - 3*a + y - 14. Calculate l(a).
7
Let j(k) be the first derivative of k**3/3 + k**2 - 3*k + 2283. Let z(x) = -6*x**3 + 2*x**2 - x. Let b be z(1). Determine j(b).
12
Let s(c) = -13*c**2 + 656*c - 28. Let f(v) = -12*v**2 + 591*v - 26. Let b(a) = -10*f(a) + 9*s(a). Calculate b(5).
53
Let c be 3 - (-4 - -4 - 3). Let w be 5 - (0 + 2 - 26/13). Let y(i) = 0*i + 5*i**3 + w + c*i**2 + 3*i + 0*i - 4*i**3. Determine y(-5).
15
Let x be (11 + -4)/(-7)*2/(-1). Let i(v) = -4*v + 10*v - v**x + 3*v**2 - 6. What is i(-5)?
14
Let k(f) be the first derivative of -4*f**3/3 - 5*f**2/2 - 4*f - 5204. What is k(-1)?
-3
Let z(w) = 8*w**2 + 151*w - 42. Let u(q) = -12*q**2 - 241*q + 63. Let h(n) = 5*u(n) + 8*z(n). Calculate h(-3).
6
Let n(g) = -10*g - 24 + 1 + 24 - 3*g. What is n(-1)?
14
Let a = -3164 - -3175. Let o(p) = -p**2 + 12*p. What is o(a)?
11
Let y(p) = p**2 + 6*p + 7. Let w(j) = -j**3 + 7*j**2 - 9*j - 8. Let c be w(8). Let k = c + 139. Determine y(k).
2
Let n(k) = -k + 4 - 6 + 3 - 2. Let q(o) = -3*o - 2. Suppose 3*t - 3 = 4*t - 2*u, 3*u = -2*t - 13. Let c(i) = t*n(i) + 2*q(i). What is c(4)?
-3
Let j be 1/(-7) + -9 + 595/49. Let i(n) = -n**3 + 7*n**2 - 7 - 6 + 24 - j. Calculate i(7).
8
Let n(r) be the second derivative of -r**2 + 9*r + 1/6*r**3 - 2. Let q(c) = -c**3 + 6*c**2 - 5*c - 7. Let i be q(5). Determine n(i).
-9
Let g(d) = 7*d**2 - 14*d + 24. Let y(m) = -38*m**2 + 68*m - 122. Let q(r) = 11*g(r) + 2*y(r). Calculate q(13).
-45
Let g = -31 - -22. Let m be (2 + 2 + g)/1. Let v(j) = 2*j - 5. Let l(o) = 2*o - 5. Let p(h) = -4*l(h) + 5*v(h). Give p(m).
-15
Suppose 309 + 27 = 3*u. Let m(v) = -2*v**2 + u + 3*v**2 - 115 + 0*v**2. Suppose 0 = -3*o + 15*o. Determine m(o).
-3
Let q(v) = -5*v + 4. Suppose 0 = 6*x - x - 470. Let a = 86 - x. Let y be 0 + (-4 - a) - 1. Determine q(y).
-11
Let n = 3 + -2. Let g(d) = -220*d - 1120. Let x(w) = -49*w - 252. Let v(a) = 9*g(a) - 40*x(a). Give v(n).
-20
Let v(d) = 7*d**2 - d - 9. Let o(c) be the second derivative of -c**4/12 - c**3/6 + 34*c. Let b(l) = -6*o(l) - v(l). Give b(9).
-9
Let o(l) = 5*l + 2. Let u = 341 + -285. Suppose -u*m + 50*m = -30. Calculate o(m).
27
Let s(c) = c**2 + 2. Let k(b) = 3*b**2 - 2*b - 5. Let f(w) = k(w) + 4*s(w). Let m(o) = 16*o**2 - 4*o + 7. Let v(x) = 9*f(x) - 4*m(x). Determine v(-3).
-4
Let k(c) = -8*c**3 - c**2 + c. Suppose -3*y = 3*y - 12. Suppose -3*x = -5*l - 213, -4*l = y*x - 5*x + 171. Let o = l - -43. Calculate k(o).
-8
Suppose 0 = 119*i + 31*i - 957 + 57. Let a(q) = 2*q**2 - 12*q - 5. Calculate a(i).
-5
Let r(b) = 7*b + 8. Let v(k) be the third derivative of -k**4/4 - k**3 + 68*k**2. Let a(u) = -4*r(u) - 5*v(u). Calculate a(4).
6
Let d be 6224/120 + 4/30. Let o(t) = d - 115 + 62 - 3*t**2 - 2*t**2. Determine o(1).
-6
Let b(x) = 3*x + 8. Let o be b(-2). Let w be (-6)/o + 1/1 + 8. Let k(s) = 4*s - 7. Let i(j) = 6*j - 10. Let r(v) = -5*i(v) + 7*k(v). Give r(w).
-11
Let q = -246 - -251. Let p(x) = 2. Let z(w) = 2*w - 16. Let y(b) = q*p(b) + z(b). Give y(6).
6
Let a(t) = 14*t - 779 - t**2 + 397 + 8*t + 395. What is a(24)?
-35
Let d = 13 + -13. Let w(k) be the second derivative of -k**5/120 + k**4/2 - 2*k**3/3 + 3*k. Let t(j) be the second derivative of w(j). Give t(d).
12
Suppose 7*r + 1 = 57. Let a(s) = -s**2 - 7*s + 20. Let f be a(-9). Let q(o) = -14*o - 1 - 13*o**2 + 4*o + 14*o**f. What is q(r)?
-17
Let y(t) be the second derivative of t**3/2 + 2*t**2 + t. Let p be ((-17)/3)/((-2958)/3132) - 11/1. What is y(p)?
-11
Let u be 6/(-10)*-5 + 1. Let f(g) = g**3 + g**2. Let o(k) = -5*k**3 - 3*k + 1. Let j(d) = -4*f(d) - o(d). What is j(u)?
11
Let u(m) = -854 + 2*m - 878 + 1774. Determine u(-7).
28
Let t(v) = v**3 - 5*v**2 + 4*v - 11. Let s = 6828 + -6823. What is t(s)?
9
Suppose 11*c = 2*c - 6*c + 60. Let f(v) be the third derivative of -1/3*v**3 + 0*v + 2*v**2 + 1/120*v**6 - 1/6*v**4 - 1/20*v**5 + 0. What is f(c)?
-2
Let r(j) = 8 + 935145*j**2 - 935134*j**2 + 3*j + 2*j**3 + 8*j. Calculate r(-4).
12
Suppose -5*s - r + 39 = 0, -5*r + 10*r + 1 = 3*s. Let m(z) = 13*z**2 + 8 - 9 - 12*z**2 - s*z. Calculate m(8).
7
Let a(v) = v**3 + v**2 - 8*v + 5. Let f be a(0). Let w(y) = -1 + f + y + 5 - 9*y + y**2 + 2. Determine w(5).
-4
Let k(j) = -2*j**2 + 8*j - 1. Let z(u) = -88*u**2 + 24*u - 2. Let n(c) = -3*k(c) + z(c). What is n(1)?
-81
Let p(k) be the first derivative of k**2/2 + 8*k - 4. Let q = -75 + 86. Suppose -q*i - 64 = 2. Calculate p(i).
2
Suppose 0 = 280*n + 168 + 672. Let y(g) = 9*g + 27. What is y(n)?
0
Let j(a) be the first derivative of -a**6/360 - a**5/60 + a**4/8 - a**3 + 31*a**2/2 + 104. Let m(i) be the third derivative of j(i). Calculate m(-6).
-21
Let l(k) = 34*k**2 - 141*k. Let u be l(4). Let g be -5 - (7/(-28) + (-45)/u). Let q(h) = -5*h - 10. Let r(b) = 11*b + 21. Let c(t) = 7*q(t) + 3*r(t). Give c(g).
7
Let l(n) = 3*n**2 - 14*n + 40. Let b(z) = -z**2 + 1. Let o(p) = -2*b(p) - l(p). Determine o(11).
-9
Suppose -4*t + 102 = -2*u, 2*t - t = -4*u + 3. Let x be 1/(34/(-36) + 1). Suppose -2*l - t = l + 4*o, -3*o = 3*l + x. Let z(b) = -8*b**3 + 1. What is z(l)?
9
Let r(d) = -6*d**3 - 5*d**2 - 4*d. Let a(v) = 13*v**3 - 4*v + 4*v + 9*v**2 + 7*v. Let s(o) = -4*a(o) - 7*r(o). Calculate s(-1).
9
Let u be (5450/(-7))/(-2) + 32/(-112). Let z = u + -381. Let n(x) = x**2 - 9*x - 5. What is n(z)?
-13
Let o(q) = 2*q**3 + 39 - 33 - 31*q**2 - 29*q**2 - 31 - 65 + 3*q. Determine o(30).
0
Suppose 0 = -5*v - 2*b + 26, 4*b + 37 - 25 = 6*v. Suppose 5*y + 16 - 1 = 0, 3*j = -3*y. Suppose -j*c + 7*c = -v. Let p(o) = -6*o**2 - o. What is p(c)?
-5
Let k(i) = i**2 - 16*i + 41. Let v be (-480)/(-320) + (-1 - 46/(-4)). Determine k(v).
-7
Let w(j) = 18*j + 11*j**2 - 15*j - 20 - 12*j**2 + 33. Calculate w(8).
-27
Let a = -48 + 66. Let w(q) = -3*q + 18. Let g(x) = -10*x + 53. Let o(f) = 2*g(f) - 7*w(f). Let m be o(a). Let h(r) = 2*r**3 + 2*r**2 + r + 1. What is h(m)?
-9
Let c(j) be the third derivative of -j**6/120 + j**5/10 + 5*j**4/12 - 7*j**3/6 + 2*j**2 + 592*j + 2. Determine c(8).
-55
Suppose 0 = 4*b + 3*d - 1, 7*b - 11 = 3*b - d. Suppose -6*j + x = -5*j - 8, -3*j + b = x. Let q(w) = 29 + 0*w**j + w**3 - 59 + 52. Determine q(0).
22
Let z(h) = -h**3 - 7*h**2 - 6. Suppose 0*j - 40 = -2*j. Let v be 10*(j/72 - 2/(-9)). Suppose -c - 3 = 3*c + v*g, 0 = -c + 3*g - 22. Give z(c).
-6
Let t(z) be the first derivative of z**3/6 + 25*z**2/2 + 31*z - 65. Let k(d) be the first derivative of t(d). Give k(0).
25
Let d(j) = 5*j - 35. Suppose -2*a = 25*a - 22869. Let l = 855 - a. Determine d(l).
5
Let j(p) = 2*p + 6. Let y(h) be the third derivative of -h**4/6 - 7*h**3/3 - 16*h**2 - h. Let a(r) = -5*j(r) - 2*y(r). Calculate a(-4).
6
Let o(b) = 7 + 1 - 3411*b**2 - 10*b + 1710*b**2 + 1702*b**2. Suppose r + 35 = 3*f + 2*f, -3*r + 14 = 2*f. Calculate o(f).
-13
Let c(f) = -f**3 - f**2 + 12*f + 3. Suppose -5*x + 2*d = 37, 25*d - 22*d - 23 = x. Determine c(x).
43
Let p(a) be the first derivative of a**5/60 + 31*a**4/24 - 13*a**3/3 - 244. Let o(b) be the third derivative of p(b). Determine o(-19).
-7
Let h be -1*12/36*15. Let p(w) = 2*w. Le